 - 2*d(h). Calculate w(-6).
1
Let l(m) be the third derivative of m**7/2520 - m**6/180 + m**5/40 + m**4/6 + 4*m**2. Let s(a) be the second derivative of l(a). What is s(4)?
3
Let x(k) = 4*k**2 + k + 1. Let d = -4 - -7. Let p be (-5 + 2)/d + 0. What is x(p)?
4
Let r be 0/(1/(2/4)). Let w(y) = -21 - 21 + y**2 + 40. Determine w(r).
-2
Let a(h) = 0 - 5 - h + 0 - 4. Calculate a(-6).
-3
Let m(b) = -b**3 - 2*b**2 + b. Suppose -5*c - o = 2*o - 25, -3*o + 13 = -c. Let g = 0 + 0. Let l = g - c. Calculate m(l).
-2
Let o(x) = -x**3 - 4*x**2 - 4*x. Let w be ((2 + -2)/(-3))/1. Let k be w - -1*(-2 - 1). Give o(k).
3
Let r(o) = 3*o**3 + o**2 + o + 1. Let c be r(-1). Let d(j) be the second derivative of -j**5/20 + j**4/12 + j**3/6 - j**2 - 11*j. Calculate d(c).
8
Suppose -3*s + 12 = -9. Let z(a) = -a**2 + 8*a - 5. Let i be z(s). Suppose -3*o = 2*b + i, 2 = -2*o - 3*b - 6. Let c(j) = j**2 - 1. Calculate c(o).
3
Let x = 1 + -1. Let f(r) = -43*r**2 + 81*r**2 - 1 - 37*r**2 + r. Determine f(x).
-1
Let s be 400/8 - (3 - -1). Let p(m) = -24 + 4*m - 3*m + s - 29. Calculate p(3).
-4
Suppose -i = 11 - 9. Let v(j) = -j**3 - 2*j**2 + j + 1. Determine v(i).
-1
Let g(j) = -j**3 + 6*j**2 - 4*j - 6. Let v(i) = i**3 + 10. Let n be v(0). Suppose -2*x + 4*x = n. What is g(x)?
-1
Let c(y) = 0*y**2 - 3 + 9*y + 9 + y**2. Calculate c(-9).
6
Let m(v) be the second derivative of -v**4/12 + 2*v**3/3 - 3*v**2/2 + 2*v. Let d be (-1 - 27)*2/(-4). Suppose -d = 4*y - 34. What is m(y)?
-8
Let r(k) be the third derivative of k**6/120 + k**5/60 + k**3/3 + 7*k**2. What is r(-2)?
-2
Let i(t) = t**3 - 6*t**2 + 6*t. Let a be 1 - (-3)/(-2 + 5). Suppose 4*x = a*x + 10. Give i(x).
5
Suppose 3*v - 4 = v. Let g(u) = 7*u + 2*u**2 - 7 - u**v - 13*u. Calculate g(5).
-12
Suppose -6*t + 3 = -3*t. Let s be (0/2 - 0)/t. Let j(v) = 0 - 12*v + 5 + 11*v. What is j(s)?
5
Let a(t) = -t + 16 - 30 + 27. Determine a(0).
13
Suppose 0*x = -x. Let s(k) = 20*k + 15. Suppose -3*y = 5 - 23. Let l(c) = 7*c + 5. Let n(t) = y*s(t) - 17*l(t). What is n(x)?
5
Suppose 4 = -2*o - 0*o. Let r(v) = -v**2 - 2*v + 2. Let k(g) = -1. Let c(q) = -4*k(q) - r(q). Give c(o).
2
Let q(j) = j**2 - j - 1. Let p(m) = -1 + 2*m - 3 + 1. Let y be p(3). Suppose 5*a + 10 = -2*r, r + 2 = -5*a - y. What is q(a)?
-1
Let h(x) = -x**3 + 4*x**2 - 2*x - 2. Let g be h(2). Let m(w) = 3 - w**g + 3*w + 1 - w. Determine m(3).
1
Let m be (1 + (-3)/2)/((-2)/4). Let k(y) = 10*y. Determine k(m).
10
Let z(l) = -3*l**2 - 3*l + 1 + 1 - 4. Let u(h) = 2*h**3 + h**2 - 1. Let o be u(1). Suppose o*m = b - 2, -2*b + 4*m = 2*b. What is z(b)?
-8
Let r(t) = -t**2 + 5*t + 0 + 3 + 4. Suppose -5*z + 44 - 14 = 0. Determine r(z).
1
Let t(m) = -m**2 + 1. Let j be t(1). Let v be (-6)/3 - -2 - -2. Let c(g) = -6*g**2 - g - 6 + g**2 + 4*g**v. Give c(j).
-6
Let c(i) = i**3 - i - 5 - 2*i + 4*i**2 + i. What is c(-4)?
3
Suppose -4*z - 31 = -5*u, 4*u + 3*z + 3 = u. Let c(i) = -2*i**2 + 0*i**2 + i**2 - u*i - 2. Let o(n) = 3*n**3 + n**2. Let r be o(-1). Determine c(r).
0
Let w(p) be the second derivative of p**5/20 + p**4/3 + p**3/3 - 14*p. Calculate w(-2).
4
Let w(r) = -2*r**3 - 10*r**2 + 17*r. Let m(s) = -s**3 - 5*s**2 + 8*s. Let u(l) = -7*m(l) + 3*w(l). What is u(-6)?
-6
Let n(f) = f + 1. Let x(a) = -4*a - 6. Suppose -5*s + 34 = -26. Let h(r) = s*n(r) + 2*x(r). Determine h(-2).
-8
Let a(f) = -12*f - 8. Let m(z) = 11*z + 7. Let s(g) = 6*a(g) + 7*m(g). Give s(-2).
-9
Let r(s) = -3*s**3 + 3*s**2 - s + 2. Let w(u) = 2*u**3 - 3*u**2 + 2*u - 1. Let c(d) = 3*r(d) + 4*w(d). Calculate c(-4).
-2
Let m(h) = -20*h**2 + 23*h. Let g(a) = -7*a**2 + 8*a. Let n(z) = 17*g(z) - 6*m(z). Let q be -15 + 0 + 1 - -2. Let s be q/9*3/(-2). Determine n(s).
0
Let s(k) = -10*k + 5. Let a(d) = 11*d - 7. Let b(o) = 2*a(o) + 3*s(o). Calculate b(1).
-7
Suppose -2*a + 8 = 2. Let o(h) = 3 - h**2 + 0 - 5*h**a - 2. Suppose 6 = s + s + 4*u, -1 = 3*s - 4*u. Determine o(s).
-5
Suppose -3 = -0*b - 3*b. Let m(o) = 3*o**2 - 2*o + 1. Let z be m(b). Let a(x) = z*x - x**2 - 4*x - 3 - x. Give a(-3).
-3
Let o be (-3)/1 - -4 - -2. Let a(u) = -u**2 - u + 3. Determine a(o).
-9
Let p(h) = h**2 + 8*h + 5. Let c be -14*(28/8)/7. Give p(c).
-2
Let o(b) = -b. Let v = -3 + 4. Let w = v - 4. Let n be o(w). Let t(x) = x + 2. Calculate t(n).
5
Let r be 42/(-11) - 8/44. Let g(c) = c**2 + 4*c. Let d be g(-5). Let s(l) = 2*l + 0 + 2*l - l**3 + 2 + 2*l**2 - d*l**2. What is s(r)?
2
Let c(x) = -x + 1. Suppose p = 4*t - 9, p + 2*t = 3*t. Give c(p).
-2
Let y(h) be the first derivative of -2*h**3/3 - h**2 + 4*h + 19. Determine y(-3).
-8
Let g(o) = o**3 + o**2 + o - 8. Let k(m) = -m**3 - 2*m**2 + 7. Let a(x) = -3*g(x) - 4*k(x). What is a(-6)?
-22
Let v(o) = -3*o**3 + 5*o**2 - 3*o. Let g(w) = 4*w**3 - 5*w**2 + 3*w. Let j(d) = 2*g(d) + 3*v(d). Let s = 38 - 34. Determine j(s).
4
Let v(u) = 4*u. Suppose 0 = 2*b - 3*b - 1. Let y be (-4)/(b - 3)*-1. What is v(y)?
-4
Suppose 6 - 2 = -4*q. Let s be q/3 + (-12)/(-9). Suppose 3*c - y + s = 13, -5*c + 4*y = -20. Let r(v) = 2*v - 2. Calculate r(c).
6
Let f(p) = p - 7. Let s be (-8)/4*-1*(-28)/(-8). Calculate f(s).
0
Let n(z) = z**2 + 2*z - 3. Let k(w) = -w**3 + 7*w**2 + 19*w - 7. Let h be k(9). Give n(h).
5
Let f be 1/(-2)*(-26)/(-1). Let c = -19 - f. Let u(p) = -p**2 - 6*p - 3. Calculate u(c).
-3
Let u(v) = 2*v - 3. Let i be (-87)/(-27) - (-2)/(-9). Let w be u(i). Let a(l) = -1 - 2 - l**2 + 2 + w*l**2 - l**3. Determine a(-1).
2
Let f(j) = j - 14. Let w be f(10). Let o(k) = -3*k + 0 + 1 + 0 - 2. Determine o(w).
11
Let w(j) = j + 2. Let q be w(-1). Let a(d) = -16*d - 1. Give a(q).
-17
Let f(h) = -10*h**3 + h**2 - h - 1. Let k(s) = -s**3 + 3*s**2 + s - 4. Let r be k(3). What is f(r)?
11
Let f(b) be the third derivative of 8*b**2 + 5/6*b**3 - 1/24*b**4 + 0 + 0*b. Determine f(5).
0
Let k(v) = -v + 1. Let t be 60/(-6)*8/(-10). Give k(t).
-7
Let o(c) = c**3 + 9*c**2 + 8*c - 2. Let g be o(-8). Let i(y) = -y**2 - 3*y - 3. Determine i(g).
-1
Let c(h) = -h + 6. Suppose 2*q - 2 = -3*j + 3*q, -5*j = -2*q - 4. Give c(j).
6
Let u(m) be the third derivative of m**5/60 - m**4/4 + m**3 + m**2. Suppose 4*f = 9*f + 110. Let s = f - -26. What is u(s)?
-2
Suppose 4*s = 7 + 25. Suppose -4*l = 16 + s. Let h(a) be the first derivative of -a**4/4 - 7*a**3/3 - 5*a**2/2 + 8*a - 1. Calculate h(l).
2
Suppose 4*g + 8 = 6*g. Let r(j) = 10*j**2 - 5*j + 9. Let v(n) = -7*n**2 + 3*n - 6. Let p(s) = 5*r(s) + 7*v(s). Give p(g).
3
Let g(s) = -s**2 + s - 1. Let b be ((-6)/(-5))/(2/10). Let t = b - 5. Let x(v) = -1. Let u(k) = t*g(k) - x(k). Calculate u(1).
0
Let k(j) = -j**2 - 1. Let p(s) = s**2 - 5*s + 2. Let m be (1 - 2)*(-5 + -1). Let f = 10 - m. Let q be p(f). Give k(q).
-5
Let z = -94 + 199. Let t = -73 + z. Let d(u) = t - 32 - 2*u. Determine d(-4).
8
Let l(r) = r**2 - 2*r - 4. Suppose -7 = -3*g + b, -2*g + b + 10 = 3*b. Determine l(g).
-1
Let g(z) = z**2 - 8*z + 3. Let x be g(7). Let r(y) = 6 - 3 - 2 - y + 2. Determine r(x).
7
Suppose 4*q + 24 = 4. Let d(m) = m**2 + 4*m. Determine d(q).
5
Let a = 12 - 10. Let s(r) = r - 8 + 2 + a + 0*r. Give s(6).
2
Let r(n) = n**3 + 6*n**2 + n + 7. Suppose -14 = 2*q - 2. Calculate r(q).
1
Let o(l) = 6*l**2. Suppose 2*a - 1 + 12 = 5*r, -2*r - 5*a = 13. Let y = 33 + -28. Suppose -4 = y*t + r. Give o(t).
6
Let y be (-2)/(-7) + (-23)/7. Let b(f) be the first derivative of f**2 - 2*f + 7. Determine b(y).
-8
Let w be 0/((-3 - -3) + -1). Let v be (w - -2)*(0 - -1). Let b(u) = 2*u + 4*u**2 - 4*u - v*u**2 - u. What is b(2)?
2
Suppose 2*r + 5*r = 14. Let x(u) = 6*u. Calculate x(r).
12
Let m be -1*(-1 + -1 - -4). Let x(a) = 2*a**3 + a**2. Determine x(m).
-12
Let b(w) = 2*w + 6. Let i = 8 - 5. Suppose 3 = -3*t + 3*d + 18, -i*t - 2*d = 0. Let m = t - 6. Calculate b(m).
-2
Let w(d) = d**2 + 5*d - 6. Suppose 4*o + 10 = -2*c, 0*c + o = -4*c - 13. Let v be (-2)/c + 85/(-15). Give w(v).
-6
Let l(g) = -3*g**3 + 8*g**2 + 5*g + 3. Let p(d) = 2*d**3 - 7*d**2 - 4*d - 2. Let u(m) = -3*l(m) - 4*p(m). Give u(-4).
-5
Let d(l) be the second derivative of l**3/2 - 3*l**2/2 - 21*l. Determine d(2).
3
Suppose 4*n - 8 = -0*n, -5*f + n = -13. Let o(p) be the first derivative of -2 + p**2 + 8*p - 2*p - f + 2. What is o(-4)?
-2
Let w(f) = f. Let b be w(3). Suppose b*g = 2*g. Let n(s) be the second derivative of -s**4/12 - s**3/6 - 3*s**2 + s. Determi